- 8. Suppose -4*o - 106 = -6*o - 2*t, -2*t + 6 = 0. Suppose -2*u - l = -o. What is the highest common factor of u and 60?
12
Let y = -241 - -262. What is the greatest common divisor of 6 and y?
3
Suppose -3*t + 4*p = -222, 0 = -0*t + t + p - 81. Suppose 2*o - 76 = -2*z, 0 = 2*z + 48*o - 51*o - 81. What is the highest common divisor of t and z?
39
Let b be (-225)/(-12) + 2/8. Suppose b = 2*a - 23. Let o(y) = y**3 + 7*y**2 + 3*y - 15. Let i be o(-6). What is the greatest common factor of a and i?
3
Suppose 3268 = 74*v - 31*v. What is the highest common factor of v and 16?
4
Let q(g) = 16*g**3 + g**2 - 4*g + 5. Let l be q(1). Calculate the greatest common factor of l and 252.
18
Let w be -2 + 30 + -2 + 7. Let f be 11 + 2 + -2*1. Calculate the greatest common divisor of w and f.
11
Let x be 4/(9/((-54)/(-4))). Suppose -x*s + 8*s = 10. What is the highest common divisor of 95 and s?
5
Suppose 0 = 5*x - 8*x + 4*t + 22, 4*x - 32 = 4*t. What is the greatest common divisor of 910 and x?
10
Let m(l) = 2*l**2 + 7. Let v be m(5). Let t(a) = -a**3 - 2*a**2. Let y be t(-3). Let f = 28 - y. Calculate the highest common divisor of f and v.
19
Let u = 6587 + -6565. Suppose -3*h = -w - 229, w - 231 = -2*h - 80. Let f = 186 - h. What is the highest common factor of f and u?
22
Suppose 0 = 4*p - p - 3. Let q = 25 - p. Let f(j) = 6*j + 12. Let h be f(2). What is the highest common divisor of h and q?
24
Let l be 570/8 - (-36)/48. What is the greatest common divisor of l and 216?
72
Let y = -14 - -2. Let m = y - -14. Suppose m*l - 14 = 18. What is the greatest common divisor of 80 and l?
16
Suppose -18*s - 1776 = -30*s. Let k = s + -124. Calculate the greatest common factor of 12 and k.
12
Let j(k) = 10*k + 9. Let q(y) = -9*y - 8. Let r(g) = 5*j(g) + 6*q(g). Let l = -7 - -5. Let o be r(l). Calculate the highest common divisor of 5 and o.
5
Let a be (110/(-6))/(39/(-36) + 1). Calculate the greatest common divisor of 20 and a.
20
Let b = -115 - -172. Let y be (1*3 - (-5 + -11))/1. What is the highest common divisor of b and y?
19
Let i = -57 + 88. Let d(g) = 4 - 34*g + 21*g - 27*g. Let m be d(-3). What is the highest common divisor of i and m?
31
Suppose -20 = n - 2*n. Let l(o) = 16*o + 2. Let p be l(3). What is the greatest common divisor of n and p?
10
Let h(g) be the third derivative of g**6/120 - g**5/4 - 7*g**4/12 + g**3/2 + 16*g**2. Let f be h(16). Calculate the highest common divisor of f and 7.
7
Let v(b) = 2*b**2 - 4*b - 3. Let q be v(-1). What is the greatest common divisor of q and 51?
3
Let l be ((-232)/6)/((-4)/30). What is the highest common factor of l and 58?
58
Let r(q) = q**2 - 4*q + 5. Let k be r(2). Let w be (-4)/((-6)/33*k). Calculate the greatest common divisor of 22 and w.
22
Let g(u) = -6*u + 114. Let k be g(16). What is the greatest common divisor of k and 81?
9
Suppose -s - 2*s - 12 = 0. Let k be (-3 - -1)/s - (-852)/24. Calculate the greatest common divisor of 4 and k.
4
Let g be -1 - (-3 - 2/(-1)). Suppose 6*c + 0*c - 216 = g. Let a(l) = l + 1. Let n be a(8). What is the greatest common factor of n and c?
9
Let l(d) = 2*d**2 + 4*d - 1. Let h be l(-3). Suppose h*y = -i + 119, y - 4*i + 68 = 4*y. Calculate the greatest common divisor of 3 and y.
3
Let w be (156/13)/((-3)/(-24)). Calculate the highest common divisor of 6 and w.
6
Let t = -12 - -103. Suppose -4*v + v - t = -4*z, z - 2*v - 29 = 0. What is the greatest common divisor of z and 76?
19
Suppose 2*a + h - 17 = 0, -20*a + 5*h = -22*a + 29. What is the greatest common factor of 2 and a?
1
Let k = 82 + -56. Suppose 0*l + 2*l - 14 = -4*h, 5*h - 13 = 2*l. Suppose -q = -h*j - 280, -q - 4*j + 0 + 294 = 0. What is the greatest common factor of q and k?
26
Suppose -22*q + 20 = -17*q, -3*g - 3*q + 111 = 0. Suppose 2*f = -23 + 9. Let n = g - f. Calculate the greatest common divisor of n and 8.
8
Suppose -8 = 6*o - 278. Suppose 3*n = 7*n. Suppose -2*f = -5*c - n*f + 152, -f = -c + 31. What is the greatest common factor of c and o?
15
Suppose 1977 = 5*u - 3. Suppose u = -6*c + 9*c. Suppose 0 = 4*s - m - 45, 5*s - 29 = 2*m + 25. What is the highest common factor of c and s?
12
Let m(s) = s**2 + s - 2. Let h be m(5). Suppose -8*p + 4 + h = 0. Calculate the greatest common factor of p and 32.
4
Suppose -5*k - 3*g = -197, 2*g - 14 = -16. Calculate the highest common divisor of k and 100.
20
Suppose -2*q + 0 = -4. Let x be (1/2)/((-68)/(-72) + -1). Let b be x*(-3 + q + -3). What is the highest common divisor of 18 and b?
18
Let w = -105 + 24. Let x = 116 + w. Calculate the greatest common factor of 14 and x.
7
Suppose 10*q - 5 - 25 = 0. Let n be 17/(0 + 1) + q. What is the greatest common divisor of 15 and n?
5
Suppose 3*g + v + 138 = 0, 2*g - 4*g = 5*v + 105. Let u = g - -46. Let x be (1/1)/((-2)/(-10)). What is the greatest common divisor of x and u?
1
Suppose a = 5*v + 76, 8*a - 10*a + 5*v + 127 = 0. What is the greatest common factor of 493 and a?
17
Let t = 228 + -125. Let w = t - 85. What is the highest common factor of 198 and w?
18
Let l = -18 - -32. Suppose l*q = 19*q - 500. Calculate the greatest common factor of 40 and q.
20
Let u(i) = -i**3 + 2*i**2 - 5*i + 7. Let z be u(3). Let g = z + 27. Let v(b) = 4*b - 1. Let k be v(4). Calculate the highest common divisor of g and k.
5
Let u be (-311)/(-12) - (-6)/((-288)/(-4)). Calculate the greatest common factor of 104 and u.
26
Let a = -147 - -168. Calculate the highest common divisor of a and 441.
21
Let o = 375 - 147. Suppose 3*q - o = q. What is the highest common divisor of 38 and q?
38
Let i = -7 - -16. Let g be (30/8)/(i/24). What is the greatest common divisor of 15 and g?
5
Let t = 198 + 407. What is the highest common factor of t and 55?
55
Suppose -3*m = -2*k - 167, m = -4*k + 64 - 13. Let q = 51 + -53. Let v be -3 - -2 - (q - 4). Calculate the greatest common divisor of m and v.
5
Let g = -21 - -16. Let j be 2*(3 - (-215)/g). Let b = j - -168. What is the highest common divisor of b and 8?
8
Suppose 40 = 2*w - 14. Let b = w + -55. Let r = b + 46. What is the greatest common divisor of r and 126?
18
Let w = 70 - 58. Calculate the highest common factor of 186 and w.
6
Let q(n) = 8*n**2 + 13*n + 59. Let k be q(-7). What is the highest common factor of k and 45?
45
Let l(q) = -6*q - 8. Let k(p) = -p**3 - 6*p**2 - 5*p + 4. Let b be k(-4). Let i be l(b). Let u = 0 + 5. What is the highest common factor of i and u?
5
Suppose -8*p = -10*p + 160. Let o(j) = 3*j**3 - 14*j**2 - 2*j - 5. Let k be o(5). Calculate the highest common factor of p and k.
10
Let l be (2/(-4))/(3/(-30)). Suppose 0 = -2*x + 5*t + 9, -1 - 10 = -4*x + 3*t. Let d = x + l. Calculate the greatest common divisor of d and 49.
7
Suppose -258 + 259 = x. Suppose 4 = 2*p - 0. Suppose -o = p*t - 7, 0*o = -t + o - 4. Calculate the greatest common factor of x and t.
1
Let w(l) = l**3 - 16*l**2 - 6*l - 35. Let f be -3*(4 + (-29)/3). Let t be w(f). What is the highest common divisor of 38 and t?
38
Let a = -464 + 736. What is the highest common divisor of a and 102?
34
Let h(l) = 62*l + 14. Let r be h(43). Calculate the highest common factor of r and 40.
40
Let q be (-1)/(2/(-4))*8. Suppose -3*j = -q - 17. Let g be (-24 + 26)*(22/4 + 0). What is the highest common factor of g and j?
11
Suppose 14 = 3*u - 16. Let j = u - -23. Suppose p - 4*p = -2*t + 34, -2*p - 52 = -4*t. What is the highest common divisor of j and t?
11
Let k(m) be the second derivative of m**4/12 + m**3/2 - m**2/2 + 7*m. Let y be k(3). What is the greatest common factor of y and 136?
17
Suppose -2*m - 9*r + 4*r + 1165 = 0, -3*m - 5*r = -1750. Let f be (m/91)/((-2)/(-7))*6. What is the greatest common divisor of f and 54?
27
Let o = 52 + -30. Let x = o - 11. What is the greatest common factor of x and 33?
11
Let c = -13 + 15. Suppose 2*z - o - 17 = 0, 2*o - 28 = -4*z - c*o. Calculate the greatest common divisor of 32 and z.
8
Let y(u) = 3*u - 18. Let q be y(10). Suppose -16 = q*f - 16*f. Let p = 1 - 0. What is the greatest common divisor of f and p?
1
Suppose 17*p = -p + 5022. Calculate the highest common factor of p and 62.
31
Let j = -1775 - -2075. Calculate the highest common divisor of j and 180.
60
Let a be (-9)/6*-4 - -39. Calculate the greatest common divisor of a and 345.
15
Let k be 114/8 + 2/(-8). Let j(g)